2ed9
What is 3795099 (base 12) in base 3?
202111112100100
61140 (base 16) to base 12
172140
Convert 125297 (base 11) to base 9.
330622
What is -220201201100 (base 3) in base 12?
-1b5839
10377214 (base 8) to base 9
4165031
What is 301301111 (base 4) in base 16?
31c55
-2213233010 (base 4) to base 14
-13c548
Convert -101100101110011011011 (base 2) to base 11.
-911110
Convert 470745 (base 8) to base 3.
22010210102
What is -1012112221112 (base 3) in base 11?
-3a8451
Convert -171b966 (base 14) to base 7.
-165412256
Convert 33351350 (base 7) to base 15.
3c0402
Convert -5203c (base 16) to base 10.
-335932
Convert 1bc8c (base 13) to base 6.
1102012
-6046374 (base 9) to base 7
-36236341
What is 392a1 (base 16) in base 11?
14aa0a
-1111111111111111100010 (base 2) to base 4
-33333333202
-321211130 (base 4) to base 13
-83489
Convert 3b1fe (base 16) to base 5.
30222144
-1b65385 (base 13) to base 16
-8ac36f
-560143 (base 8) to base 11
-1196a8
2144152 (base 8) to base 7
4615055
100210001000111 (base 3) to base 9
10701014
-113003241 (base 5) to base 4
-1331333213
Convert 130323011 (base 7) to base 16.
7e856a
101010122122010 (base 3) to base 14
a02d2a
Convert -6969d (base 14) to base 12.
-104537
Convert 2a2a (base 12) to base 5.
124210
Convert -23b6798 (base 12) to base 3.
-111002111122122
What is -327b18 (base 12) in base 14?
-16c220
-3002321321 (base 4) to base 8
-3027171
Convert -101221112221211 (base 3) to base 6.
-324404204
What is -698359 (base 15) in base 4?
-103032120102
-1111002221112 (base 3) to base 10
-789467
What is -342100030 (base 5) in base 9?
-2764316
Convert 4864451 (base 9) to base 7.
31306102
1c61b9 (base 13) to base 10
727528
Convert b2a482 (base 12) to base 5.
1203442303
d5097 (base 16) to base 5
210410344
12600a (base 14) to base 9
1161665
What is 28dca (base 15) in base 9?
220171
2014203 (base 7) to base 5
30123142
55234333 (base 7) to base 4
102013100200
Convert 39607 (base 12) to base 6.
1404011
Convert 14613212 (base 9) to base 3.
111200110020102
What is -110011010010001000 (base 2) in base 12?
-a1688
Convert -188ec (base 15) to base 13.
-2a339
1220101111211 (base 3) to base 12
409434
What is 1012012002 (base 3) in base 12?
116b5
Convert -10202121122121 (base 3) to base 4.
-13220103322
Convert 21d21 (base 14) to base 5.
10112103
Convert 18415b8 (base 13) to base 14.
10a047c
What is -68920 (base 15) in base 13?
-b8635
What is 33540 (base 9) in base 16?
5727
Convert 3332111141 (base 5) to base 8.
33663274
Convert -2763213 (base 8) to base 16.
-be68b
What is 988cab (base 14) in base 13?
10c1296
22121221002 (base 3) to base 7
1305026
Convert -a4fad (base 16) to base 6.
-22252301
What is -167206 (base 8) in base 16?
-ee86
Convert -104b08 (base 14) to base 3.
-1000222210002
-34341413 (base 6) to base 11
-660966
11301010031 (base 4) to base 7
15564161
Convert 15038a4 (base 13) to base 14.
c62779
-2044143 (base 8) to base 7
-4420364
What is 428611 (base 9) in base 11?
165086
-10102414 (base 5) to base 12
-3b289
What is 63220 (base 12) in base 13?
47193
What is 455521 (base 7) in base 10?
81208
What is -22055314 (base 7) in base 8?
-7167506
-1577841 (base 10) to base 16
-181371
-450724 (base 8) to base 13
-5426b
Convert 413b78 (base 16) to base 12.
1521bb4
-537101 (base 8) to base 16
-2be41
Convert 810a3 (base 13) to base 14.
60190
62111764 (base 8) to base 15
1249c86
Convert 78441 (base 11) to base 12.
55940
What is -3154725 (base 10) in base 6?
-151341113
Convert 28857 (base 9) to base 8.
46306
What is -3131021311 (base 4) in base 12?
-378271
-5724603 (base 8) to base 12
-6294ab
What is 42422305 (base 7) in base 8?
15573642
-30114003 (base 5) to base 15
-4aa88
Convert -12021110010 (base 3) to base 15.
-20b80
Convert 139c20 (base 16) to base 4.
10321300200
What is -15310514 (base 7) in base 15?
-1de07b
-20331115 (base 6) to base 13
-17745b
What is 11111011000111 (base 2) in base 10?
16071
Convert -121000120100 (base 3) to base 4.
-1030333032
What is 84644 (base 13) in base 7?
2011613
What is 891286 (base 11) in base 8?
5331024
-100432014 (base 5) to base 7
-3305341
Convert -10110011110011110100 (base 2) to base 14.
-152592
4525540 (base 6) to base 12
b08b0
What is 41274 (base 10) in base 7?
231222
Convert -19d824 (base 15) to base 12.
-5096b1
What is -236534 (base 10) in base 9?
-400415
-111231303223 (base 4) to base 2
-10101101101110011101011
What is -b6300a (base 12) in base 11?
-1688928
-9a9f6 (base 16) to base 10
-633334
6eb7d8 (base 16) to base 11
4106616
-2d0a09 (base 14) to base 6
-53445013
-6293b (base 15) to base 3
-120212210002
What is -1202400 (base 7) in base 12?
-74069
What is -9b36c (base 13) in base 3?
-112022120112
What is 33511357 (base 8) in base 5?
3323342300
-82499 (base 10) to base 13
-2b721
14014044 (base 5) to base 10
141774
Convert 162931 (base 10) to base 9.
267444
Convert -222106 (base 9) to base 6.
-2502353
Convert 45483 (base 12) to base 16.
16863
What is -13b05b (base 12) in base 16?
-50987
Convert 11111101000100110 (base 2) to base 12.
62b9a
6327603 (base 8) to base 7
20210446
What is -300045630 (base 7) in base 15?
-17bcaac
Convert -2181b4 (base 16) to base 2.
-1000011000000110110100
Convert -b67b2 (base 13) to base 2.
-1010000001111101001
What is -2c7a5 (base 16) in base 6?
-3523233
What is 7649 (base 14) in base 11?
14400
What is 377576 (base 11) in base 16?
916bd
-33410000 (base 5) to base 13
-a3cb3
1c2d4 (base 16) to base 14
300ba
Convert 61506 (base 10) to base 13.
21cc3
-4354a9 (base 13) to base 5
-401121110
1003031321 (base 4) to base 10
275321
Convert 31026154 (base 7) to base 8.
11714632
Convert -19a35 (base 11) to base 15.
-83cd
-1aa99a (base 12) to base 9
-803371
16a9b9c (base 13) to base 12
257046a
Convert -b9150 (base 16) to base 13.
-2070a1
-1222021212 (base 3) to base 5
-2220344
Convert 1290142 (base 10) to base 3.
2102112202001
18392 (base 10) to base 3
221020012
Convert -30143132 (base 5) to base 9.
-405710
What is 512150 (base 10) in base 6?
14551022
311002102 (base 4) to base 11
139236
Convert 27552 (base 14) to base 10.
97092
Convert 50a2a (base 11) to base 8.
221317
4031773 (base 10) to base 13
ab2185
Convert -240510 (base 8) to base 14.
-21d8c
What is 11202011000202 (base 3) in base 16?
267cf8
Convert -304886 (base 11) to base 8.
-1674103
-131424120 (base 5) to base 13
-19c129
What is 988252 (base 10) in base 14?
1ba216
Convert 3790207 (base 11) to base 16.
644fea
Convert -11100101111110010 (base 2) to base 10.
-117746
201201044 (base 5) to base 7
6553623
Convert 22112140 (base 5) to base 16.
2ec39
Convert 553011300 (base 6) to base 12.
33b3b30
Convert 56885 (base 12) to base 13.
40634
Convert 7245120 (base 8) to base 9.
3545133
Convert -154270 (base 9) to base 7.
-543645
Convert 3331302 (base 5) to base 9.
88007
Convert 31100220302 (base 4) to base 12.
11b7702
What is 132123113 (base 5) in base 4?
2201120221
Convert 1c3329 (base 14) to base 13.
293874
Convert 55b7a1 (base 14) to base 4.
23013022001
-11c1b2a (base 13) to base 6
-314502542
Convert -1368587 (base 10) to base 7.
-14430023
Convert 576120 (base 9) to base 3.
122120010200
Convert 4441663 (base 7) to base 10.
548110
121100222212 (base 3) to base 14
855d4
Convert -153185 (base 12) to base 2.
-1010111011000110101
-241ce7 (base 16) to base 4
-21001303213
Convert -1b982 (base 14) to base 9.
-116608
Convert 5d3710 (base 16) to base 2.
10111010011011100010000
What is 1311131413 (base 5) in base 6?
153033503
Convert -828036 (base 11) to base 16.
-1444f9
What is -26441413 (base 7) in base 3?
-11120110211101
-227a4 (base 11) to base 7
-164635
13647142 (base 8) to base 12
105616a
-418644 (base 9) to base 15
-4dc2a
4001002212 (base 5) to base 3
112201201120221
What is 235572 (base 8) in base 13?
2a9b6
What is -731153 (base 9) in base 10?
-433884
What is 9655 (base 14) in base 15?
7a4c
What is -23002311332 (base 4) in base 15?
-3c2ca5
205a63 (base 13) to base 8
2703216
What is -167300 (base 10) in base 2?
-101000110110000100
What is -6015602 (base 10) in base 14?
-b283bc
Convert 143354 (base 9) to base 10.
87772
Convert 6c017 (base 13) to base 9.
331232
-420396 (base 12) to base 14
-1d0082
-1101300 (base 5) to base 2
-100101000000110
Convert -19d4cc (base 16) to base 7.
-20250333
Convert -2011133244 (base 5) to base 13.
-aa31b6
What is -2